. What is the tens digit of k?
1
Suppose -2*y = 2*y - 12. Suppose 2*g + 37 = y*g. What is the tens digit of g?
3
Let g(l) = -l**2 + 6*l + 4. Let t be g(6). Suppose -t*z - 4*h + 16 = 0, 3*h = -z - 1 + 7. What is the units digit of z?
3
Let b(f) = -f**3 - 3*f**2 + 4*f + 2. Let d be b(-4). Suppose -3*g = -y - g + 5, 0 = -d*y - 5*g - 8. What is the units digit of y?
1
Let w be 0 + (96/(-4))/1. Let o = -3 - w. What is the tens digit of o?
2
What is the units digit of (2/(-12)*4)/(2/(-18))?
6
Let q be 8/(-12) + 22/6. Suppose 3*x - q*c - 9 = 0, 0 = -c - 2*c - 3. What is the units digit of x?
2
Let h = -67 + 126. What is the tens digit of h?
5
Let z = -2 + 0. Let n be -3*((-76)/6 - z). Suppose 2*m + 10 = 3*s, -4*s - 2*m + n + 0 = 0. What is the units digit of s?
6
Suppose -5*d - 20 = -6*d + 2*u, 0 = d + u - 32. What is the units digit of d?
8
Suppose 2*f = -3*f - a + 164, f - 38 = 5*a. Let x = f + -21. What is the tens digit of x?
1
Let h(a) = 8*a - 2. Let p(o) = -3*o + 1. Let m(i) = -4*h(i) - 11*p(i). What is the units digit of m(11)?
8
Suppose 3*c = 2*c + 3. Let m be (-10)/(-2) + (-1 - 0). Suppose -c*r + 8 = -m*v, -r + 2*r = v + 4. What is the units digit of r?
8
Let u(w) = 189*w**2 - 2*w + 3. What is the tens digit of u(1)?
9
What is the units digit of (-24)/(-8) - (-1 - 41)?
5
Let n(j) = -j**2 + 2*j + 297. What is the hundreds digit of n(0)?
2
Let o = 13 + -5. Let q = o + -4. Suppose q*t = t + 18. What is the units digit of t?
6
Let b(h) = -h - 20. Let l(x) = 7. Let a(k) = -2*b(k) - 7*l(k). Let r be a(6). Suppose 2 = r*n - 16. What is the units digit of n?
6
Let o(i) = -10*i - 17. What is the units digit of o(-7)?
3
Let i(w) = w**3 + 9*w**2 + 8*w + 10. What is the tens digit of i(-7)?
5
Suppose -2*l + 24 + 8 = 0. What is the tens digit of l?
1
Let x(m) be the third derivative of -m**4/24 - m**3/3 - m**2. What is the units digit of x(-10)?
8
Suppose -g - 5*g + 1200 = 0. Suppose -3*l - l = -g. What is the tens digit of l?
5
Suppose -3*g - 62 + 11 = 0. Let p(j) = 26*j**2 + j + 1. Let q be p(-1). Let y = q + g. What is the units digit of y?
9
Let u be 4*(285/(-12) + 3). Let h = 122 + u. What is the tens digit of h?
3
Let l(r) = -r**2 - r + 6. Let h(i) = -i**2 - 3*i + 4. Let c be h(-4). What is the units digit of l(c)?
6
Suppose -3*w + 4 = -w. Suppose -8 = -2*o - w, 20 = r + 5*o. What is the units digit of r?
5
Suppose 443 + 303 = 3*r - 4*c, -2*r = 4*c - 484. What is the hundreds digit of r?
2
Let f(l) = -3*l - 3. Let u be f(-2). Let g(s) = -10*s + u*s**2 - 4*s**2 - 3 - 9. What is the units digit of g(-8)?
4
What is the units digit of 12/(6/(-2)) - -62?
8
Suppose -20 + 208 = h. Suppose 0*t + h = -t. What is the units digit of 2/(-5) + t/(-20)?
9
Let h = 377 - 126. What is the units digit of h?
1
Let m = 10 + 21. What is the units digit of m?
1
Let v be (-770)/(-15) - 2/(-3). Suppose 2*w + 4*f = v, 4*w = -0*f + 3*f + 49. What is the units digit of w?
6
Let z = -1 + -1. Let r = -1 - z. What is the units digit of r?
1
Suppose -5*l - 23 = -2*k, 3*k - l + 9 = 6*k. Suppose -5*h = -3*h - k. Suppose -2*v + 12 + h = 0. What is the units digit of v?
7
Let w = -6 + 8. Suppose -4*x + 17 = 3*h, -3 + 2 = h - w*x. Suppose -h*j + 15 = 0, -t + 5*t - 5*j = 59. What is the tens digit of t?
2
Let a = 1 + -10. What is the units digit of (a/(-5))/((-3)/(-10))?
6
Let c be 2/(-5) + (-96)/(-15). Suppose m + m = -c. What is the tens digit of m/(-6)*28 - 0?
1
Let c = 3 + -3. Suppose -f = -c*f - 9. What is the units digit of f?
9
Let f = 65 + -3. What is the tens digit of f?
6
Suppose 2*x - 6*x + 8 = 0. Suppose -36 = x*n - 5*h - 100, -4*n + 128 = -4*h. What is the tens digit of n?
3
Let j = 0 - -1. Let x be 2 - (j/(-1) + 2). What is the units digit of (2 - 0) + x/1?
3
Let j(f) = -188*f + 9. What is the tens digit of j(-1)?
9
Suppose -z = z + 3*k - 92, -2*z + k + 108 = 0. What is the units digit of z?
2
Let h = 12 + -7. Suppose 5*p - h*u - 34 = -4, 3*p = -3*u. Suppose -q = -p - 3. What is the units digit of q?
6
Let q = 173 + -87. What is the tens digit of q?
8
Suppose -2*i + 0*i - 6 = 0. Let f be (-11)/i - 1/(-3). Suppose -r - 5 = 3*y, f*y = -r + 2*y. What is the tens digit of r?
1
Let q = 106 - 53. What is the units digit of q?
3
Let v(m) = -7*m + 3. Let p(l) = 8*l - 4. Let c(y) = -6*p(y) - 8*v(y). What is the units digit of c(4)?
2
Let k(w) = -w**3 + 6*w**2 + 2*w - 8. Let s be k(6). Suppose -5*v = -4*n + 5, -n = -0*n + s*v + 4. Suppose 0 = -3*t - n*t + 18. What is the units digit of t?
6
Let n = -26 + 29. Suppose n*y = 5*f - 229, 0*f - 3*f + 131 = -5*y. What is the tens digit of f?
4
Suppose 0 = 4*a + r - 284, 3*a - 4*r - 116 = 97. What is the tens digit of a?
7
Let z = 3 - 9. Let u(m) = -m**3 - 7*m**2 - 6*m + 3. What is the units digit of u(z)?
3
Let o(k) = 8*k**2 + 2*k - 2. What is the units digit of o(-4)?
8
Suppose -4*t = -2*a - a + 27, -3*a = 3*t - 6. Suppose 0*r - 14 = 3*d - a*r, 4*d = 2*r. What is the units digit of d?
2
Suppose m - 8 = 3*m. Suppose 15*i - 11*i + 40 = 0. Let t = m - i. What is the units digit of t?
6
Let d be (1/(-2))/(5/(-20)). Suppose -3*j + 3*o + 73 + d = 0, 0 = -4*j + o + 100. What is the units digit of j?
5
Suppose -4*i - 181 = -5*n, n + 3*n = -2*i + 150. Suppose 0 = -4*q - 4*a + 36, 0 = -3*q + 2*a + n + 15. What is the tens digit of q?
1
Let g(n) = n**2 + 5*n + 46. What is the hundreds digit of g(-12)?
1
Let n = 42 - 36. Let p = 5 - 1. Suppose n = p*u - 2. What is the units digit of u?
2
Suppose 2*c + 20 = 2*b, -4*b - 3*c + 60 = -b. What is the units digit of b?
5
Suppose -6*k + 28 + 2 = 0. Let s(g) be the third derivative of g**4/12 - g**3/2 - 2*g**2. What is the units digit of s(k)?
7
Suppose -2 = -3*w + 13. Suppose -2*h + w*h = -d + 3, 3 = d. Suppose h = 4*l - l - 24. What is the units digit of l?
8
What is the units digit of 17/85 - 289/(-5)?
8
Suppose 48 = 4*m - 2*q - 2*q, 4*m + 2*q = 18. What is the units digit of m?
7
Let l = 82 + 67. What is the hundreds digit of l?
1
Let d(y) = -10*y**2 - y**3 + 5 + y**3 + y**3 + 8. Let x = 26 - 16. What is the tens digit of d(x)?
1
Let f = -32 - -71. Let n = f - -2. What is the tens digit of n?
4
Let x be (2 - 2) + -2 + 14. Let z = -5 + x. What is the units digit of z?
7
Let l = -210 - -388. What is the units digit of l?
8
Let d = 7 - -103. What is the hundreds digit of d?
1
Suppose 0*j - 20 = -2*s + 3*j, 4*s - 22 = -3*j. Let w = 5 - s. What is the units digit of (-6)/w + -1 + 6?
8
Let h = -4 + 11. What is the units digit of -2*(0 - h/2)?
7
Let d = -7 - -5. What is the units digit of (-2 - d - 1) + 9?
8
Let o(f) = 7*f**2 + 6*f + 0*f**3 + f**2 + f**3. Suppose -5*w + 34 = -2*r, -2*w - 6 = -2*r + 4*r. What is the units digit of o(r)?
7
Let c(j) = -3*j - j + 3*j. Let m be c(-4). Let f(v) = v + 3. What is the units digit of f(m)?
7
Suppose 2*c - 12 = -2*c. Let h be (2/c)/(4/18). Suppose -2*p = h*p - 35. What is the units digit of p?
7
What is the tens digit of 52/(-130) - (517/(-5) + -1)?
0
Let m(b) = 3*b + 4. Let a be m(-3). Let c = a - -16. What is the units digit of c?
1
Let d(g) = g**3 + 7*g**2 + 8*g + 8. Let c be d(-6). Suppose 12 = -5*o + w - 10, -5*o - 37 = 4*w. Let b = c - o. What is the units digit of b?
1
Suppose -83 = -2*k - 1. What is the units digit of k?
1
Let k(f) = 7*f - 12. What is the units digit of k(7)?
7
Suppose -k + 4 = -4*a, 0 = 3*k - k + 5*a + 5. What is the units digit of 1*(k + -1) + 3?
2
Let o = -12 + 31. What is the units digit of o?
9
Suppose -5*v - 12 = 3, -5*s = 2*v - 264. What is the units digit of s?
4
Suppose -n - n = 0. Let x = n - -10. What is the units digit of x?
0
Let k(l) = l**3 + l**2 + 2*l + 1. Let c be k(-1). Let i be (2 - c)/((-2)/(-2)). Suppose 0 = -4*r + g + 45, i*r - 51 = 2*g - 7*g. What is the units digit of r?
2
Let a = -11 - -9. What is the tens digit of a/(3 + (-70)/22)?
1
Suppose 233 = l + 95. What is the hundreds digit of l?
1
Let y(u) = -u**2 + 3*u + 2. Let a be y(2). Suppose -7 = -a*k + 5. Let l = k - 0. What is the units digit of l?
3
Let j(h) be the third derivative of -h**6/120 + h**5/20 + 5*h**4/24 + h**3/2 + h**2. Let c = -5 + 9. What is the units digit of j(c)?
7
Let b(x) = -5*x + 11. What is the tens digit of b(-4)?
3
What is the tens digit of 29/(-1 + (-3)/(-2))?
5
Suppose -25 = -5*f, 5*w - 3*f - 685 = -0*f. Suppose -g - 3*g = -w. Suppose 4*p 